by 20.
11
Suppose -131*w = -132*w + 194. Calculate the remainder when w is divided by 66.
62
Let q be (3 - 1)/((-4)/(-10)). Suppose -4*s - 86 = -q*a, -a + 4*s - 7*s = -21. What is the remainder when (a/12)/(2/44) is divided by 9?
6
Let l(q) = q**2 + 2. Let m be l(4). Suppose 0*d + t = 3*d - 54, -3*t - m = -d. Calculate the remainder when 69 is divided by d.
15
Suppose -26 = m - 35. Let o(l) = -27*l - 1. Calculate the remainder when o(-2) is divided by m.
8
Suppose -7*w + 22 = -6*w. Let z = w + -11. What is the remainder when 41 is divided by z?
8
Let j = -36 - -48. Calculate the remainder when 106 is divided by j.
10
Let s = -36 + 59. Let m = s - 19. Suppose -3*o - 105 = -2*f, -o = -4*f + m*o + 213. What is the remainder when f is divided by 15?
12
What is the remainder when 13 is divided by 56/6*((-18)/(-7))/3?
5
Let h be 2/1*12/(-8)*-1. Suppose -5*g + 63 = 3*p, -h*p - 3*g + 0*g = -69. What is the remainder when p is divided by (-1)/(-5) - 88/(-10)?
8
Let a = 30 + -7. What is the remainder when a is divided by (-3 + 5)/((-7)/(-6) - 1)?
11
Suppose 3*x - 2*o = 5*x + 10, -2*x - 3*o = 12. Calculate the remainder when 3 - -16 - x/(-1) is divided by 5.
1
Suppose 12 = 4*p, 2*t + 5*p - 9 = 5*t. Suppose t*h - 4*h = 3*z - 72, -z = -h + 41. What is the remainder when h is divided by 10?
9
Let j be 119/(-34)*(-24)/2. What is the remainder when 95 is divided by -1 + j/3 + (-3)/(-3)?
11
Let b(i) = 2*i - 26. Let m be b(0). Let n(w) = w**2 + 26*w + 7. What is the remainder when 55 is divided by n(m)?
6
Suppose -3*h + h + 2*c + 12 = 0, 3*c = -3*h + 12. Suppose -f + h*f = 52. Calculate the remainder when 4/10 + 356/10 is divided by f.
10
Let o(u) = u**3 - 13*u**2 - 12*u - 9. What is the remainder when 227 is divided by o(14)?
18
Let b = 898 - 691. Calculate the remainder when b is divided by 29.
4
Let i = 325 + -318. What is the remainder when 28 is divided by i?
0
Suppose -4*z - 71 - 52 = -5*b, -5*z = -4*b + 93. Calculate the remainder when b is divided by 6.
3
Let n(v) = 15*v. Calculate the remainder when 164 is divided by n(1).
14
Let l(z) = 2*z**2 + 9*z + 2. Suppose 3*i - 21 = 2*i. Suppose 0 = 3*n + 5*s - 37, -n + 4*s + 14 + i = 0. What is the remainder when l(-7) is divided by n?
18
Let d(h) = -h**3 - 4*h**2 - 3*h + 8. Let s be d(-6). What is the remainder when 47/((-21)/(-35) + 6/15) is divided by s/4 + 2/4?
22
Let l = -18 + 33. Let i = l + 7. Let g = 37 - i. What is the remainder when g is divided by 6?
3
Suppose -5*q + 480 = 350. Calculate the remainder when 117 is divided by q.
13
Calculate the remainder when 12885/45 + 1/(-3) is divided by 16.
14
Suppose 0 = q, -j - 35 = -6*j - 4*q. Suppose -362 + 61 = -j*t. Calculate the remainder when t is divided by 22.
21
Suppose -21 = -2*h - 5*s + 4, 5*s = -5*h + 85. Let v = h - 1. What is the remainder when 75 is divided by v?
18
Let k(h) = -h**2 + 31*h + 157. Calculate the remainder when 693 is divided by k(35).
13
Calculate the remainder when (6080/44)/4 - (-30)/(-55) is divided by 8.
2
What is the remainder when 106 is divided by ((-1)/3)/((-12)/540)?
1
Suppose 312 = 7*j - 4*j - 3*u, -3*u = 3*j - 324. Calculate the remainder when 845 is divided by j.
103
Suppose -362 = -3*t + 142. What is the remainder when t is divided by 15/135*-204*(-3)/2?
32
Suppose -g + 245 = 5*p, -2*p + g = 2*g - 101. Suppose j - 17 = -y - 7, p = 4*y + 2*j. Calculate the remainder when 41 is divided by y.
13
Let a(o) = 2*o**3 + 21*o**2 - o + 128. Calculate the remainder when a(-11) is divided by (1 + 0 + 2)*5.
3
Suppose 0 = -25*p + 2*p + 69. Calculate the remainder when 33 is divided by p.
0
Let q(p) = 2*p**2 + 5*p - 11. Let m be q(-9). Suppose -d = -3*d + m. What is the remainder when d is divided by 27?
26
Suppose 3*z - 115 - 130 = -5*k, 0 = z. Let c = -14 + k. Calculate the remainder when 98 is divided by c.
28
Let n = 119 - 261. Let l = 152 + n. Suppose -5*i + 101 = 3*m, 3*m = -i - m + 27. What is the remainder when i is divided by l?
9
Let h(p) = -p**3 - 8*p**2 - 9*p - 5. Let k be h(-7). Suppose -j - 5*y + 2*y = -k, 3*j + 29 = 5*y. Let o = j + 7. Calculate the remainder when o is divided by 3.
1
What is the remainder when 13 is divided by -94*(-3)/30 - (-10)/(-25)?
4
Let z(k) = -k**3 - 3*k**2 + 35*k + 134. What is the remainder when 465 is divided by z(-5)?
6
What is the remainder when 194 is divided by 44*(-42)/(-56) + -1 + 1?
29
Let p(m) = 14 + 12 + 291*m - 290*m. What is the remainder when 100 is divided by p(-9)?
15
Let l(h) = h**2 - 7*h + 3. Let v be l(6). What is the remainder when 0 - (v - -1) - -177 is divided by 12?
11
Let o = -40 - -75. Let m = -363 - -375. Calculate the remainder when o is divided by m.
11
Suppose -2799 - 15877 = -29*q. Calculate the remainder when q is divided by 108.
104
Suppose -63*b - 12 = -69*b. Suppose 7 = -o + 4*n, -o + 12 = b*o - n. Calculate the remainder when o is divided by 1.
0
Suppose -68*o = -65*o. Suppose o = -13*x + 7*x + 282. What is the remainder when x is divided by 25?
22
Suppose 0*m + 6 = 3*m + u, 3*u = -5*m + 10. Suppose -2 = m*l - 80. What is the remainder when l is divided by 6?
3
Let v(o) = -o**3 + 8*o**2 - 5*o + 2. Suppose -3*k = 2*l - 135, 0 = -3*k - 3*l + 69 + 69. Calculate the remainder when k is divided by v(7).
11
Let i(n) = n**2 + 10*n - 8. Let y be i(-10). Let k = 13 - y. Let s = 10 + 1. What is the remainder when k is divided by s?
10
Suppose q - 4*q = -2*y - 203, 347 = 5*q + y. Calculate the remainder when q is divided by 9.
6
Let n = 896 - 479. Calculate the remainder when n is divided by 35.
32
Suppose -3*j + 41 - 14 = 0. Let w = -14 + j. Calculate the remainder when 19 is divided by (-2)/w - (-144)/15.
9
Suppose 0 = -6*q + 2*q + 5*p + 65, 5*q - 3*p = 78. Let y = q + -4. What is the remainder when 32 is divided by y?
10
Suppose -10*n + 1152 = 2*a - 6*n, -n = -a + 585. Suppose -3*m = -6*m + a. Calculate the remainder when m is divided by 33.
29
Let w = -49 + 17. Calculate the remainder when ((-40)/w)/(1/68) is divided by 44.
41
Let a(z) = z**2 - 7*z + 1. What is the remainder when 51 is divided by a(-2)?
13
Suppose 4*b - x = -21 + 202, 5*x + 157 = 3*b. Suppose 4*l - b = 2*l. Suppose 11*v - 522 = 5*v. What is the remainder when v is divided by l?
21
Suppose -67*y + 10*y = -10032. What is the remainder when 358 is divided by y?
6
Suppose -570 = 673*x - 688*x. Calculate the remainder when 1443 is divided by x.
37
Let a(b) be the second derivative of b**4/12 + b**3 - 6*b**2 + 8*b. Let s(k) = k**3 + 6*k**2 + 6*k. Calculate the remainder when a(-10) is divided by s(-4).
4
Let y = 336 + -330. Calculate the remainder when 303 is divided by y.
3
Let d(a) = 2*a - 8. Let s be d(7). Suppose s*c - 28 = 2*c. What is the remainder when 23 is divided by c?
2
Let m = 428 - 410. Calculate the remainder when 2102 is divided by m.
14
Suppose 35 + 58 = 3*s. Suppose 5*x - 146 = 29. Suppose 0*y = -5*y + x. What is the remainder when s is divided by y?
3
Suppose -p - 805 + 38 = 0. Calculate the remainder when 3/2*(42 - -8) is divided by p/(-39) + 2/(-3).
18
Calculate the remainder when (105/(-42))/(2*(-3)/48) is divided by 20.
0
Suppose 3*n + 22*n = 1025. Calculate the remainder when n is divided by ((-11)/3)/(2/(-6)).
8
Suppose -6*n = -3*n + q - 110, -n + 3*q = -30. Calculate the remainder when 143 is divided by n.
35
Let h(k) = 3*k + 5. Let n = 9 + -5. Let j(i) = -2*i - 6. Let l(t) = n*h(t) + 3*j(t). What is the remainder when 97 is divided by l(3)?
17
Let z be ((-6)/(-4))/(3/(-8)). Calculate the remainder when 21 is divided by (-114)/(-12) - (-6)/z.
5
Suppose -28*q - 15*q = -559. Calculate the remainder when 14 is divided by q.
1
Let x(f) = -f**3 - 12*f**2 - 12*f - 5. Let h = 7 - 18. Let g be x(h). Suppose -g*c + 9 = -51. Calculate the remainder when 28 is divided by c.
8
Suppose 0 = -2*r + 4*o + 704, -5*o + 1051 = 3*r - 10*o. What is the remainder when r is divided by 86?
84
Let d = 10 - -4. Suppose d*f - 17*f = -15. What is the remainder when 14 is divided by f?
4
Suppose 0 = 247*p - 252*p + 75. Calculate the remainder when 2562 is divided by p.
12
Let o = -39 - -119. Calculate the remainder when o is divided by 52/(-104) - -2*(-38)/(-8).
8
Let l = 255 - 19. What is the remainder when l is divided by 17?
15
Let h(d) = d**3 - 12*d**2 - 10*d - 27. What is the remainder when 47 is div